f 10?
False
Is 130574 a multiple of 21?
False
Is 11 a factor of 5015?
False
Is 4844 a multiple of 3?
False
Is 17 a factor of 15028?
True
Is 10 a factor of 994?
False
Does 38 divide 13693?
False
Is 105 a factor of 7799?
False
Is 18 a factor of 1296?
True
Is 30 a factor of 1380?
True
Is 66697 a multiple of 21?
False
Is 29 a factor of 87?
True
Does 3 divide 3744?
True
Does 33 divide 2668?
False
Is 24 a factor of 548?
False
Is 25 a factor of 2207?
False
Does 54 divide 594?
True
Does 64 divide 28193?
False
Does 66 divide 117871?
False
Does 5 divide 332?
False
Does 81 divide 405?
True
Is 5649 a multiple of 26?
False
Does 203 divide 6235?
False
Is 46829 a multiple of 80?
False
Does 51 divide 3723?
True
Does 7 divide 7987?
True
Is 7 a factor of 34?
False
Does 21 divide 1680?
True
Is 27 a factor of 822?
False
Is 175 a multiple of 7?
True
Is 18 a factor of 20475?
False
Is 990 a multiple of 18?
True
Is 218 a multiple of 3?
False
Does 20 divide 1000?
True
Is 6 a factor of 6990?
True
Does 3 divide 43?
False
Is 10269 a multiple of 20?
False
Is 67124 a multiple of 194?
True
Is 16 a factor of 5992?
False
Is 30 a factor of 1226?
False
Is 80 a factor of 1793?
False
Is 168 a multiple of 21?
True
Is 15621 a multiple of 123?
True
Is 559 a multiple of 11?
False
Does 98 divide 1372?
True
Is 6683 a multiple of 2?
False
Does 4 divide 143?
False
Does 97 divide 21540?
False
Is 2638 a multiple of 15?
False
Is 63 a multiple of 10?
False
Is 50 a factor of 600?
True
Is 2 a factor of 12?
True
Does 14 divide 2498?
False
Is 262 a multiple of 46?
False
Is 25 a factor of 959?
False
Does 97 divide 5044?
True
Is 24 a factor of 1652?
False
Is 24 a factor of 7954?
False
Does 15 divide 15?
True
Does 197 divide 69147?
True
Is 56385 a multiple of 26?
False
Does 9 divide 540?
True
Does 9 divide 4392?
True
Is 13986 a multiple of 5?
False
Does 140 divide 5082?
False
Is 27 a factor of 8478?
True
Is 18 a factor of 2586?
False
Is 43 a factor of 102254?
True
Is 39 a factor of 8151?
True
Does 61 divide 76494?
True
Is 7 a factor of 220?
False
Does 20 divide 4180?
True
Is 535 a multiple of 16?
False
Does 23 divide 4071?
True
Does 20 divide 14441?
False
Is 2191 a multiple of 4?
False
Does 15 divide 5025?
True
Is 12 a factor of 36785?
False
Does 48 divide 380?
False
Does 19 divide 1109?
False
Does 92 divide 92?
True
Does 3 divide 405?
True
Does 9 divide 13500?
True
Is 57 a factor of 1026?
True
Is 136 a factor of 15789?
False
Is 28 a factor of 4661?
False
Is 4650 a multiple of 13?
False
Is 46 a factor of 2990?
True
Is 11 a factor of 977?
False
Is 65 a multiple of 7?
False
Does 30 divide 4500?
True
Does 35 divide 8875?
False
Is 25 a factor of 1875?
True
Is 96252 a multiple of 52?
True
Is 6 a factor of 199?
False
Does 35 divide 1190?
True
Does 18 divide 9558?
True
Is 61 a factor of 1753?
False
Is 17000 a multiple of 200?
True
Is 34 a factor of 1031?
False
Is 10 a factor of 4495?
False
Does 6 divide 467?
False
Is 7 a factor of 3174?
False
Is 9 a factor of 79376?
False
Is 51978 a multiple of 74?
False
Is 15 a factor of 150?
True
Does 20 divide 21280?
True
Does 61 divide 9353?
False
Does 31 divide 4278?
True
Does 15 divide 8130?
True
Is 15741 a multiple of 222?
False
Is 1710 a multiple of 30?
True
Is 3334 a multiple of 22?
False
Is 3690 a multiple of 15?
True
Does 3 divide 2738?
False
Is 69 a factor of 91081?
False
Is 21 a factor of 9973?
False
Does 40 divide 85?
False
Does 27 divide 594?
True
Is 355 a multiple of 5?
True
Is 13 a factor of 20418?
False
Is 65 a factor of 38658?
False
Is 15444 a multiple of 54?
True
Is 963 a multiple of 4?
False
Is 504 a multiple of 14?
True
Is 38280 a multiple of 165?
True
Is 31 a factor of 3565?
True
Is 41 a factor of 65969?
True
Is 372 a multiple of 12?
True
Does 8 divide 729?
False
Is 2324 a multiple of 7?
True
Does 29 divide 3225?
False
Does 3 divide 37?
False
Does 8 divide 664?
True
Is 1393 even?
False
Is 3 a factor of 2337?
True
Is 25 a factor of 2075?
True
Does 9 divide 65?
False
Is 8428 a multiple of 46?
False
Is 26312 a multiple of 23?
True
Is 27 a factor of 1593?
True
Does 59 divide 588?
False
Is 247 even?
False
Is 627 a multiple of 19?
True
Is 6530 a multiple of 6?
False
Is 21 a factor of 96933?
False
Does 313 divide 13605?
False
Is 52 a multiple of 14?
False
Does 104 divide 624?
True
Does 5 divide 3812?
False
Is 2065 a multiple of 30?
False
Is 156 a factor of 38654?
False
Does 166 divide 44351?
False
Is 3 a factor of 1096?
False
Is 1546 a multiple of 83?
False
Does 14 divide 432?
False
Is 48 a factor of 7056?
True
Is 35 a factor of 94010?
True
Does 31 divide 1147?
True
Is 280 a factor of 55662?
False
Is 25 a factor of 62874?
False
Does 68 divide 4420?
True
Is 1225 a multiple of 49?
True
Is 13 a factor of 49995?
False
Does 12 divide 1404?
True
Does 3 divide 677?
False
Does 21 divide 2780?
False
Is 1462 a multiple of 34?
True
Is 16389 a multiple of 9?
True
Is 72 a factor of 360?
True
Does 6 divide 1957?
False
Is 91 a factor of 54674?
False
Is 312 a multiple of 78?
True
Is 22 a factor of 19404?
True
Does 14 divide 1095?
False
Is 19 a factor of 760?
True
Does 44 divide 9636?
True
Does 70 divide 980?
True
Is 7 a factor of 10402?
True
Is 1258 a multiple of 34?
True
Does 36 divide 3267?
False
Is 59 a factor of 20923?
False
Does 4 divide 354?
False
Is 30 a factor of 311?
False
Is 933 a multiple of 6?
False
Is 15906 a multiple of 11?
True
Is 5 a factor of 117?
False
Does 39 divide 5320?
False
Is 460 a multiple of 10?
True
Does 14 divide 9898?
True
Is 3170 a multiple of 13?
False
Does 64 divide 3545?
False
Is 35 a factor of 2135?
True
Is 71 a factor of 9585?
True
Is 22578 a multiple of 17?
False
Is 20 a factor of 1500?
True
Does 10 divide 28100?
True
Is 290 a multiple of 3?
False
Is 6336 a multiple of 48?
True
Does 332 divide 63673?
False
Is 66 a factor of 68640?
True
Is 19 a factor of 1056?
False
Is 13305 a multiple of 15?
True
Is 20 a factor of 2000?
True
Is 44 a factor of 2700?
False
Is 150 a multiple of 5?
True
Does 3 divide 18280?
False
Is 25 a factor of 39121?
False
Is 39364 a multiple of 34?
False
Does 35 divide 39779?
False
Does 72 divide 516?
False
Is 42 even?
True
Is 194 a multiple of 13?
False
Does 21 divide 483?
True
Is 8260 even?
True
Is 29 a factor of 51263?
False
Is 784 a multiple of 17?
False
Does 64 divide 11392?
True
Does 13 divide 7692?
False
Is 72 a factor of 108842?
False
Is 12 a factor of 1810?
False
Is 26 a factor of 2621?
False
Does 75 divide 12375?
True
Is 31 a factor of 8953?
False
Is 12 a factor of 1545?
False
Is 68380 a multiple of 10?
True
Does 25 divide 525?
True
Is 1253 a multiple of 57?
False
Is 8 a factor of 43736?
True
Does 22 divide 2364?
False
Is 105 a multiple of 21?
True
Does 34 divide 2327?
False
Does 147 divide 2205?
True
Is 47 a factor of 329?
True
Is 22 a factor of 578?
False
Is 24 a factor of 1200?
True
Does 12 divide 8619?
False
Does 41 divide 9186?
False
Is 672 a multiple of 14?
True
Is 4180 a multiple of 76?
True
Is 34 a factor of 9534?
False
Does 15 divide 1575?
True
Does 5 divide 995?
True
Is 34 a factor of 2538?
False
Does 15 divide 37164?
False
Is 3 a factor of 66?
True
Is 4 a factor of 68?
True
Is 34131 a multiple of 93?
True
Does 64 divide 20992?
True
Is 4968 a multiple of 24?
True
Does 2 divide 163?
False
Is 19 a factor of 10944?
True
Is 8 a factor of 1728?
True
Is 44631 a multiple of 27?
True
Is 57 a factor of 870?
False
Is 16 a factor of 2720?
True
Is 104 a factor of 27286?
False
Is 151 a factor of 11929?
True
Does 196 divide 13720?
True
Is 2706 a multiple of 14?
False
Is 51 a factor of 2348?
False
Is 19 a factor of 96121?
True
Does 23 divide 21569?
False
Is 1764 a multiple of 21?
True
Is 2 a factor of 2354?
True
Is 10 a factor of 1911?
False
Does 8 divide 1447?
False
Is 1747 a multiple of 39?
False
Does 7 divide 2942?
False
Is 31 a factor of 651?
True
Does 69 divide 56320?
False
Is 878 a multiple of 113?
False
Is 11 a factor of 957?
True
Is 18 a factor of 1479?
False
Is 1316 a multiple of 28?
True
Is 5 a factor of 25?
True
Is 24 a factor of 720?
True
Does 14 divide 13174?
True
Is 8 a factor of 9963?
False
Does 68 divide 884?
True
Is 21 a factor of 9105?
False
Does 9 divide 3960?
True
Is 157 a factor of 17898?
True
Is 22 a factor of 1122?
True
Does 12 divide 573?
False
Is 122 a multiple of 2?
True
Is 104 a fac